{"id":32,"date":"2024-10-29T17:53:13","date_gmt":"2024-10-29T16:53:13","guid":{"rendered":"http:\/\/galons.world\/?page_id=32"},"modified":"2024-11-19T11:26:14","modified_gmt":"2024-11-19T10:26:14","slug":"agenda-problemowa","status":"publish","type":"page","link":"https:\/\/galons.world\/?page_id=32","title":{"rendered":"Agenda problemowa"},"content":{"rendered":"\n<p>Zdefiniowali\u015bmy w bardzo og\u00f3lny spos\u00f3b kategorie, kt\u00f3re z naszego punktu widzenia s\u0105 najwa\u017cniejsze. To wyznacza obszar naszej pras\u00f3wki.<br><strong>\u201eIndywidualny\u201d dobrostan<\/strong>: finanse, prawa cz\u0142owieka, prawa kobiet, czas, stres, prywatno\u015b\u0107, mo\u017cliwo\u015bci rozwoju, dost\u0119p do r\u00f3\u017cnych d\u00f3br, w tym kultury \u2013 jednym s\u0142owem co\u015b, bez czego da si\u0119 \u017cy\u0107, ale\u2026 \u201eco to za \u017cycie?\u201d.<br><strong>Kryzysy:<\/strong> klimatyczny, humanitarny, konflikty zbrojne \u2013 to, co zagra\u017ca istnieniu! Albo nas dotyka, albo nie, ale nie mo\u017cemy si\u0119 na to zgodzi\u0107, bo nie jest to zgodne z nasz\u0105 wizj\u0105 cz\u0142owiecze\u0144stwa. To, co wymaga natychmiastowej i zdecydowanej reakcji.<br><strong>Platformy porozumie\u0144<\/strong> \u2013 r\u00f3\u017cnorodno\u015b\u0107 jest trudna. Dla dobra debaty prze\u015bwietlamy spory oraz informujemy o dobrych narz\u0119dziach pozwalaj\u0105cych si\u0119 dogada\u0107 lub przynajmniej nie skaka\u0107 sobie do oczu.<br><strong>Platformy dzia\u0142a\u0144<\/strong> \u2013 kiedy dyskusje si\u0119 sko\u0144cz\u0105, ludzie chc\u0105 si\u0105\u015b\u0107 do pracy. Jakie projekty s\u0105 realizowane? Gdzie i do kogo mo\u017cna do\u0142\u0105czy\u0107? Jak to dzia\u0142a? To obszar tematyczny, kt\u00f3ry r\u00f3wnie\u017c jest w obr\u0119bie naszego zainteresowania.<br><strong>Rozw\u00f3j<\/strong> \u2013 sztuczna inteligencja, podb\u00f3j kosmosu, reperowanie planety \u2013 ludzko\u015b\u0107 potrzebuje wyzwa\u0144, a nie tylko pe\u0142nego talerza. Czy zastanawiasz si\u0119 czasem, w jakim kierunku zmierza ludzko\u015b\u0107, je\u015bli nie zajmuje si\u0119 dora\u017anymi problemami? My tak i w\u0142a\u015bnie w NCW zamierzamy o tym informowa\u0107.<\/p>\n\n\n\n<p>\u015awietnym punktem wyj\u015bcia do rozwa\u017ca\u0144 s\u0105 <a href=\"https:\/\/www.un.org.pl\/\">CELE ZR\u00d3WNOWA\u017bONEGO ROZWOJU ONZ<\/a>. <\/p>\n","protected":false},"excerpt":{"rendered":"<p>Zdefiniowali\u015bmy w bardzo og\u00f3lny spos\u00f3b kategorie, kt\u00f3re z naszego punktu widzenia s\u0105 najwa\u017cniejsze. To wyznacza obszar naszej pras\u00f3wki.\u201eIndywidualny\u201d dobrostan: finanse, prawa cz\u0142owieka, prawa kobiet, czas, [&hellip;]<\/p>\n","protected":false},"author":1,"featured_media":0,"parent":19,"menu_order":0,"comment_status":"closed","ping_status":"closed","template":"","meta":{"footnotes":""},"class_list":["post-32","page","type-page","status-publish","hentry"],"yoast_head":"<!-- This site is optimized with the Yoast SEO plugin v24.4 - https:\/\/yoast.com\/wordpress\/plugins\/seo\/ -->\n<title>Agenda problemowa - Galon`s World<\/title>\n<meta name=\"robots\" content=\"index, follow, max-snippet:-1, max-image-preview:large, max-video-preview:-1\" \/>\n<link rel=\"canonical\" href=\"https:\/\/galons.world\/?page_id=32\" \/>\n<meta property=\"og:locale\" content=\"en_US\" \/>\n<meta property=\"og:type\" content=\"article\" \/>\n<meta property=\"og:title\" content=\"Agenda problemowa - Galon`s World\" \/>\n<meta property=\"og:description\" content=\"Zdefiniowali\u015bmy w bardzo og\u00f3lny spos\u00f3b kategorie, kt\u00f3re z naszego punktu widzenia s\u0105 najwa\u017cniejsze. To wyznacza obszar naszej pras\u00f3wki.\u201eIndywidualny\u201d dobrostan: finanse, prawa cz\u0142owieka, prawa kobiet, czas, [&hellip;]\" \/>\n<meta property=\"og:url\" content=\"https:\/\/galons.world\/?page_id=32\" \/>\n<meta property=\"og:site_name\" content=\"Galon`s World\" \/>\n<meta property=\"article:modified_time\" content=\"2024-11-19T10:26:14+00:00\" \/>\n<meta name=\"twitter:card\" content=\"summary_large_image\" \/>\n<meta name=\"twitter:label1\" content=\"Est. reading time\" \/>\n\t<meta name=\"twitter:data1\" content=\"1 minute\" \/>\n<script type=\"application\/ld+json\" class=\"yoast-schema-graph\">{\"@context\":\"https:\/\/schema.org\",\"@graph\":[{\"@type\":\"WebPage\",\"@id\":\"https:\/\/galons.world\/?page_id=32\",\"url\":\"https:\/\/galons.world\/?page_id=32\",\"name\":\"Agenda problemowa - Galon`s World\",\"isPartOf\":{\"@id\":\"https:\/\/galons.world\/#website\"},\"datePublished\":\"2024-10-29T16:53:13+00:00\",\"dateModified\":\"2024-11-19T10:26:14+00:00\",\"breadcrumb\":{\"@id\":\"https:\/\/galons.world\/?page_id=32#breadcrumb\"},\"inLanguage\":\"en-US\",\"potentialAction\":[{\"@type\":\"ReadAction\",\"target\":[\"https:\/\/galons.world\/?page_id=32\"]}]},{\"@type\":\"BreadcrumbList\",\"@id\":\"https:\/\/galons.world\/?page_id=32#breadcrumb\",\"itemListElement\":[{\"@type\":\"ListItem\",\"position\":1,\"name\":\"Home\",\"item\":\"https:\/\/galons.world\/\"},{\"@type\":\"ListItem\",\"position\":2,\"name\":\"Newsletter Cywilizacyjnie Wa\u017cny (NCW)\",\"item\":\"https:\/\/galons.world\/?page_id=19\"},{\"@type\":\"ListItem\",\"position\":3,\"name\":\"Agenda problemowa\"}]},{\"@type\":\"WebSite\",\"@id\":\"https:\/\/galons.world\/#website\",\"url\":\"https:\/\/galons.world\/\",\"name\":\"Galon`s World\",\"description\":\"O tym jak pomys\u0142y staj\u0105 si\u0119 prototypami a prototypy rzeczywisto\u015bci\u0105.\",\"potentialAction\":[{\"@type\":\"SearchAction\",\"target\":{\"@type\":\"EntryPoint\",\"urlTemplate\":\"https:\/\/galons.world\/?s={search_term_string}\"},\"query-input\":{\"@type\":\"PropertyValueSpecification\",\"valueRequired\":true,\"valueName\":\"search_term_string\"}}],\"inLanguage\":\"en-US\"}]}<\/script>\n<!-- \/ Yoast SEO plugin. -->","yoast_head_json":{"title":"Agenda problemowa - Galon`s World","robots":{"index":"index","follow":"follow","max-snippet":"max-snippet:-1","max-image-preview":"max-image-preview:large","max-video-preview":"max-video-preview:-1"},"canonical":"https:\/\/galons.world\/?page_id=32","og_locale":"en_US","og_type":"article","og_title":"Agenda problemowa - Galon`s World","og_description":"Zdefiniowali\u015bmy w bardzo og\u00f3lny spos\u00f3b kategorie, kt\u00f3re z naszego punktu widzenia s\u0105 najwa\u017cniejsze. To wyznacza obszar naszej pras\u00f3wki.\u201eIndywidualny\u201d dobrostan: finanse, prawa cz\u0142owieka, prawa kobiet, czas, [&hellip;]","og_url":"https:\/\/galons.world\/?page_id=32","og_site_name":"Galon`s World","article_modified_time":"2024-11-19T10:26:14+00:00","twitter_card":"summary_large_image","twitter_misc":{"Est. reading time":"1 minute"},"schema":{"@context":"https:\/\/schema.org","@graph":[{"@type":"WebPage","@id":"https:\/\/galons.world\/?page_id=32","url":"https:\/\/galons.world\/?page_id=32","name":"Agenda problemowa - Galon`s World","isPartOf":{"@id":"https:\/\/galons.world\/#website"},"datePublished":"2024-10-29T16:53:13+00:00","dateModified":"2024-11-19T10:26:14+00:00","breadcrumb":{"@id":"https:\/\/galons.world\/?page_id=32#breadcrumb"},"inLanguage":"en-US","potentialAction":[{"@type":"ReadAction","target":["https:\/\/galons.world\/?page_id=32"]}]},{"@type":"BreadcrumbList","@id":"https:\/\/galons.world\/?page_id=32#breadcrumb","itemListElement":[{"@type":"ListItem","position":1,"name":"Home","item":"https:\/\/galons.world\/"},{"@type":"ListItem","position":2,"name":"Newsletter Cywilizacyjnie Wa\u017cny (NCW)","item":"https:\/\/galons.world\/?page_id=19"},{"@type":"ListItem","position":3,"name":"Agenda problemowa"}]},{"@type":"WebSite","@id":"https:\/\/galons.world\/#website","url":"https:\/\/galons.world\/","name":"Galon`s World","description":"O tym jak pomys\u0142y staj\u0105 si\u0119 prototypami a prototypy rzeczywisto\u015bci\u0105.","potentialAction":[{"@type":"SearchAction","target":{"@type":"EntryPoint","urlTemplate":"https:\/\/galons.world\/?s={search_term_string}"},"query-input":{"@type":"PropertyValueSpecification","valueRequired":true,"valueName":"search_term_string"}}],"inLanguage":"en-US"}]}},"_links":{"self":[{"href":"https:\/\/galons.world\/index.php?rest_route=\/wp\/v2\/pages\/32","targetHints":{"allow":["GET"]}}],"collection":[{"href":"https:\/\/galons.world\/index.php?rest_route=\/wp\/v2\/pages"}],"about":[{"href":"https:\/\/galons.world\/index.php?rest_route=\/wp\/v2\/types\/page"}],"author":[{"embeddable":true,"href":"https:\/\/galons.world\/index.php?rest_route=\/wp\/v2\/users\/1"}],"replies":[{"embeddable":true,"href":"https:\/\/galons.world\/index.php?rest_route=%2Fwp%2Fv2%2Fcomments&post=32"}],"version-history":[{"count":3,"href":"https:\/\/galons.world\/index.php?rest_route=\/wp\/v2\/pages\/32\/revisions"}],"predecessor-version":[{"id":147,"href":"https:\/\/galons.world\/index.php?rest_route=\/wp\/v2\/pages\/32\/revisions\/147"}],"up":[{"embeddable":true,"href":"https:\/\/galons.world\/index.php?rest_route=\/wp\/v2\/pages\/19"}],"wp:attachment":[{"href":"https:\/\/galons.world\/index.php?rest_route=%2Fwp%2Fv2%2Fmedia&parent=32"}],"curies":[{"name":"wp","href":"https:\/\/api.w.org\/{rel}","templated":true}]}}