{"id":139,"date":"2024-11-19T10:17:54","date_gmt":"2024-11-19T09:17:54","guid":{"rendered":"http:\/\/galons.world\/?page_id=139"},"modified":"2024-11-19T11:29:03","modified_gmt":"2024-11-19T10:29:03","slug":"juz-nie-projekty","status":"publish","type":"page","link":"https:\/\/galons.world\/?page_id=139","title":{"rendered":"Ju\u017c nie projekty"},"content":{"rendered":"\n<p>Wi\u0119kszo\u015b\u0107 projekt\u00f3w, kt\u00f3re zrealizowali\u015bmy zamieni\u0142a si\u0119 w procesy &#8211; s\u0105 dzia\u0142aj\u0105cymi markami itp. Niekt\u00f3re z nich zako\u0144czy\u0142y sie pora\u017ck\u0105 inne zwyczajnie po czasie wyczerpa\u0142y swoj\u0105 formu\u0142\u0119. Tutaj wspominamy o niekt\u00f3rych. <\/p>\n","protected":false},"excerpt":{"rendered":"<p>Wi\u0119kszo\u015b\u0107 projekt\u00f3w, kt\u00f3re zrealizowali\u015bmy zamieni\u0142a si\u0119 w procesy &#8211; s\u0105 dzia\u0142aj\u0105cymi markami itp. Niekt\u00f3re z nich zako\u0144czy\u0142y sie pora\u017ck\u0105 inne zwyczajnie po czasie wyczerpa\u0142y swoj\u0105 [&hellip;]<\/p>\n","protected":false},"author":1,"featured_media":0,"parent":36,"menu_order":0,"comment_status":"closed","ping_status":"closed","template":"","meta":{"footnotes":""},"class_list":["post-139","page","type-page","status-publish","hentry"],"yoast_head":"<!-- This site is optimized with the Yoast SEO plugin v24.4 - https:\/\/yoast.com\/wordpress\/plugins\/seo\/ -->\n<title>Ju\u017c nie projekty - Galon`s World<\/title>\n<meta name=\"robots\" content=\"index, follow, max-snippet:-1, max-image-preview:large, max-video-preview:-1\" \/>\n<link rel=\"canonical\" href=\"https:\/\/galons.world\/?page_id=139\" \/>\n<meta property=\"og:locale\" content=\"en_US\" \/>\n<meta property=\"og:type\" content=\"article\" \/>\n<meta property=\"og:title\" content=\"Ju\u017c nie projekty - Galon`s World\" \/>\n<meta property=\"og:description\" content=\"Wi\u0119kszo\u015b\u0107 projekt\u00f3w, kt\u00f3re zrealizowali\u015bmy zamieni\u0142a si\u0119 w procesy &#8211; s\u0105 dzia\u0142aj\u0105cymi markami itp. Niekt\u00f3re z nich zako\u0144czy\u0142y sie pora\u017ck\u0105 inne zwyczajnie po czasie wyczerpa\u0142y swoj\u0105 [&hellip;]\" \/>\n<meta property=\"og:url\" content=\"https:\/\/galons.world\/?page_id=139\" \/>\n<meta property=\"og:site_name\" content=\"Galon`s World\" \/>\n<meta property=\"article:modified_time\" content=\"2024-11-19T10:29:03+00:00\" \/>\n<meta name=\"twitter:card\" content=\"summary_large_image\" \/>\n<meta name=\"twitter:label1\" content=\"Est. reading time\" \/>\n\t<meta name=\"twitter:data1\" content=\"1 minute\" \/>\n<script type=\"application\/ld+json\" class=\"yoast-schema-graph\">{\"@context\":\"https:\/\/schema.org\",\"@graph\":[{\"@type\":\"WebPage\",\"@id\":\"https:\/\/galons.world\/?page_id=139\",\"url\":\"https:\/\/galons.world\/?page_id=139\",\"name\":\"Ju\u017c nie projekty - Galon`s World\",\"isPartOf\":{\"@id\":\"https:\/\/galons.world\/#website\"},\"datePublished\":\"2024-11-19T09:17:54+00:00\",\"dateModified\":\"2024-11-19T10:29:03+00:00\",\"breadcrumb\":{\"@id\":\"https:\/\/galons.world\/?page_id=139#breadcrumb\"},\"inLanguage\":\"en-US\",\"potentialAction\":[{\"@type\":\"ReadAction\",\"target\":[\"https:\/\/galons.world\/?page_id=139\"]}]},{\"@type\":\"BreadcrumbList\",\"@id\":\"https:\/\/galons.world\/?page_id=139#breadcrumb\",\"itemListElement\":[{\"@type\":\"ListItem\",\"position\":1,\"name\":\"Home\",\"item\":\"https:\/\/galons.world\/\"},{\"@type\":\"ListItem\",\"position\":2,\"name\":\"Projekty\",\"item\":\"https:\/\/galons.world\/?page_id=36\"},{\"@type\":\"ListItem\",\"position\":3,\"name\":\"Ju\u017c nie projekty\"}]},{\"@type\":\"WebSite\",\"@id\":\"https:\/\/galons.world\/#website\",\"url\":\"https:\/\/galons.world\/\",\"name\":\"Galon`s World\",\"description\":\"O tym jak pomys\u0142y staj\u0105 si\u0119 prototypami a prototypy rzeczywisto\u015bci\u0105.\",\"potentialAction\":[{\"@type\":\"SearchAction\",\"target\":{\"@type\":\"EntryPoint\",\"urlTemplate\":\"https:\/\/galons.world\/?s={search_term_string}\"},\"query-input\":{\"@type\":\"PropertyValueSpecification\",\"valueRequired\":true,\"valueName\":\"search_term_string\"}}],\"inLanguage\":\"en-US\"}]}<\/script>\n<!-- \/ Yoast SEO plugin. -->","yoast_head_json":{"title":"Ju\u017c nie projekty - Galon`s World","robots":{"index":"index","follow":"follow","max-snippet":"max-snippet:-1","max-image-preview":"max-image-preview:large","max-video-preview":"max-video-preview:-1"},"canonical":"https:\/\/galons.world\/?page_id=139","og_locale":"en_US","og_type":"article","og_title":"Ju\u017c nie projekty - Galon`s World","og_description":"Wi\u0119kszo\u015b\u0107 projekt\u00f3w, kt\u00f3re zrealizowali\u015bmy zamieni\u0142a si\u0119 w procesy &#8211; s\u0105 dzia\u0142aj\u0105cymi markami itp. Niekt\u00f3re z nich zako\u0144czy\u0142y sie pora\u017ck\u0105 inne zwyczajnie po czasie wyczerpa\u0142y swoj\u0105 [&hellip;]","og_url":"https:\/\/galons.world\/?page_id=139","og_site_name":"Galon`s World","article_modified_time":"2024-11-19T10:29:03+00:00","twitter_card":"summary_large_image","twitter_misc":{"Est. reading time":"1 minute"},"schema":{"@context":"https:\/\/schema.org","@graph":[{"@type":"WebPage","@id":"https:\/\/galons.world\/?page_id=139","url":"https:\/\/galons.world\/?page_id=139","name":"Ju\u017c nie projekty - Galon`s World","isPartOf":{"@id":"https:\/\/galons.world\/#website"},"datePublished":"2024-11-19T09:17:54+00:00","dateModified":"2024-11-19T10:29:03+00:00","breadcrumb":{"@id":"https:\/\/galons.world\/?page_id=139#breadcrumb"},"inLanguage":"en-US","potentialAction":[{"@type":"ReadAction","target":["https:\/\/galons.world\/?page_id=139"]}]},{"@type":"BreadcrumbList","@id":"https:\/\/galons.world\/?page_id=139#breadcrumb","itemListElement":[{"@type":"ListItem","position":1,"name":"Home","item":"https:\/\/galons.world\/"},{"@type":"ListItem","position":2,"name":"Projekty","item":"https:\/\/galons.world\/?page_id=36"},{"@type":"ListItem","position":3,"name":"Ju\u017c nie projekty"}]},{"@type":"WebSite","@id":"https:\/\/galons.world\/#website","url":"https:\/\/galons.world\/","name":"Galon`s World","description":"O tym jak pomys\u0142y staj\u0105 si\u0119 prototypami a prototypy rzeczywisto\u015bci\u0105.","potentialAction":[{"@type":"SearchAction","target":{"@type":"EntryPoint","urlTemplate":"https:\/\/galons.world\/?s={search_term_string}"},"query-input":{"@type":"PropertyValueSpecification","valueRequired":true,"valueName":"search_term_string"}}],"inLanguage":"en-US"}]}},"_links":{"self":[{"href":"https:\/\/galons.world\/index.php?rest_route=\/wp\/v2\/pages\/139","targetHints":{"allow":["GET"]}}],"collection":[{"href":"https:\/\/galons.world\/index.php?rest_route=\/wp\/v2\/pages"}],"about":[{"href":"https:\/\/galons.world\/index.php?rest_route=\/wp\/v2\/types\/page"}],"author":[{"embeddable":true,"href":"https:\/\/galons.world\/index.php?rest_route=\/wp\/v2\/users\/1"}],"replies":[{"embeddable":true,"href":"https:\/\/galons.world\/index.php?rest_route=%2Fwp%2Fv2%2Fcomments&post=139"}],"version-history":[{"count":2,"href":"https:\/\/galons.world\/index.php?rest_route=\/wp\/v2\/pages\/139\/revisions"}],"predecessor-version":[{"id":143,"href":"https:\/\/galons.world\/index.php?rest_route=\/wp\/v2\/pages\/139\/revisions\/143"}],"up":[{"embeddable":true,"href":"https:\/\/galons.world\/index.php?rest_route=\/wp\/v2\/pages\/36"}],"wp:attachment":[{"href":"https:\/\/galons.world\/index.php?rest_route=%2Fwp%2Fv2%2Fmedia&parent=139"}],"curies":[{"name":"wp","href":"https:\/\/api.w.org\/{rel}","templated":true}]}}