{"id":117,"date":"2024-11-12T20:21:19","date_gmt":"2024-11-12T19:21:19","guid":{"rendered":"http:\/\/galons.world\/?page_id=117"},"modified":"2024-11-19T09:05:00","modified_gmt":"2024-11-19T08:05:00","slug":"blyskawiczne-prezentacje","status":"publish","type":"page","link":"https:\/\/galons.world\/?page_id=117","title":{"rendered":"B\u0142yskawiczne prezentacje"},"content":{"rendered":"\n<p><strong>B\u0142yskawiczne Prezentacje<\/strong><\/p>\n\n\n\n<p>Dzie\u0144 drugi  zaczyna si\u0119 od poszukiwania inspiracji. Ka\u017cdy cz\u0142onek zespo\u0142u tworzy list\u0119 oko\u0142o 10 inspiruj\u0105cych produkt\u00f3w, kampanii promocyjnych itp., kt\u00f3re mog\u0105 nakre\u015bli\u0107 mo\u017cliwe kierunki rozwi\u0105za\u0144. Wa\u017cne jest, aby nie kopiowa\u0107 istniej\u0105cych pomys\u0142\u00f3w a inspirowa\u0107 si\u0119 \u2014 gdyby idealne rozwi\u0105zanie istnia\u0142o, Design Sprint nie by\u0142by potrzebny. Warto szuka\u0107 inspiracji poza &#8220;bran\u017c\u0105 klienta&#8221;, a tak\u017ce w projektach, kt\u00f3re ciesz\u0105 nas lub wywo\u0142uj\u0105 pozytywne emocje. Dobrym \u017ar\u00f3d\u0142em mog\u0105 by\u0107 tak\u017ce wcze\u015bniejsze, niewdro\u017cone projekty organizacji.<\/p>\n\n\n\n<p>Prezentacja powinna zaj\u0105\u0107 maksymalnie 3 minuty. Uczestnicy wybieraj\u0105 najlepsze inspiracje (1-2), a prezentacje mog\u0105 by\u0107 wzbogacone slajdami lub demonstracjami. Rol\u0105 moderator\u00f3w jest szkicowanie kluczowych element\u00f3w i tworzenie wsp\u00f3lnej notatki, kt\u00f3r\u0105 zesp\u00f3\u0142 mo\u017ce p\u00f3\u017aniej przejrze\u0107. W procesie dydaktycznym mo\u017cna eksperymentowa\u0107 z samodzielnym wykonywaniem notatek przez prezentuj\u0105cych.<\/p>\n\n\n\n<p>Aby usprawni\u0107 proces, warto rozwa\u017cy\u0107 przygotowanie prezentacji jako pracy domowej po pierwszym dniu. Jednak takie rozwi\u0105zanie mo\u017ce wyd\u0142u\u017cy\u0107 czas przygotowa\u0144, co nie zawsze jest wskazane. Ka\u017cda prezentacja powinna ko\u0144czy\u0107 si\u0119 wieszaniem 10-20 kart inspiracji na \u015bcianie. Cz\u0142onkowie zespo\u0142u indywidualnie wybieraj\u0105 materia\u0142y do swoich szkic\u00f3w.<\/p>\n","protected":false},"excerpt":{"rendered":"<p>B\u0142yskawiczne Prezentacje Dzie\u0144 drugi zaczyna si\u0119 od poszukiwania inspiracji. Ka\u017cdy cz\u0142onek zespo\u0142u tworzy list\u0119 oko\u0142o 10 inspiruj\u0105cych produkt\u00f3w, kampanii promocyjnych itp., kt\u00f3re mog\u0105 nakre\u015bli\u0107 mo\u017cliwe [&hellip;]<\/p>\n","protected":false},"author":1,"featured_media":0,"parent":115,"menu_order":0,"comment_status":"closed","ping_status":"closed","template":"","meta":{"footnotes":""},"class_list":["post-117","page","type-page","status-publish","hentry"],"yoast_head":"<!-- This site is optimized with the Yoast SEO plugin v24.4 - https:\/\/yoast.com\/wordpress\/plugins\/seo\/ -->\n<title>B\u0142yskawiczne prezentacje - Galon`s World<\/title>\n<meta name=\"robots\" content=\"index, follow, max-snippet:-1, max-image-preview:large, max-video-preview:-1\" \/>\n<link rel=\"canonical\" href=\"https:\/\/galons.world\/?page_id=117\" \/>\n<meta property=\"og:locale\" content=\"en_US\" \/>\n<meta property=\"og:type\" content=\"article\" \/>\n<meta property=\"og:title\" content=\"B\u0142yskawiczne prezentacje - Galon`s World\" \/>\n<meta property=\"og:description\" content=\"B\u0142yskawiczne Prezentacje Dzie\u0144 drugi zaczyna si\u0119 od poszukiwania inspiracji. Ka\u017cdy cz\u0142onek zespo\u0142u tworzy list\u0119 oko\u0142o 10 inspiruj\u0105cych produkt\u00f3w, kampanii promocyjnych itp., kt\u00f3re mog\u0105 nakre\u015bli\u0107 mo\u017cliwe [&hellip;]\" \/>\n<meta property=\"og:url\" content=\"https:\/\/galons.world\/?page_id=117\" \/>\n<meta property=\"og:site_name\" content=\"Galon`s World\" \/>\n<meta property=\"article:modified_time\" content=\"2024-11-19T08:05:00+00:00\" \/>\n<meta name=\"twitter:card\" content=\"summary_large_image\" \/>\n<meta name=\"twitter:label1\" content=\"Est. reading time\" \/>\n\t<meta name=\"twitter:data1\" content=\"1 minute\" \/>\n<script type=\"application\/ld+json\" class=\"yoast-schema-graph\">{\"@context\":\"https:\/\/schema.org\",\"@graph\":[{\"@type\":\"WebPage\",\"@id\":\"https:\/\/galons.world\/?page_id=117\",\"url\":\"https:\/\/galons.world\/?page_id=117\",\"name\":\"B\u0142yskawiczne prezentacje - Galon`s World\",\"isPartOf\":{\"@id\":\"https:\/\/galons.world\/#website\"},\"datePublished\":\"2024-11-12T19:21:19+00:00\",\"dateModified\":\"2024-11-19T08:05:00+00:00\",\"breadcrumb\":{\"@id\":\"https:\/\/galons.world\/?page_id=117#breadcrumb\"},\"inLanguage\":\"en-US\",\"potentialAction\":[{\"@type\":\"ReadAction\",\"target\":[\"https:\/\/galons.world\/?page_id=117\"]}]},{\"@type\":\"BreadcrumbList\",\"@id\":\"https:\/\/galons.world\/?page_id=117#breadcrumb\",\"itemListElement\":[{\"@type\":\"ListItem\",\"position\":1,\"name\":\"Home\",\"item\":\"https:\/\/galons.world\/\"},{\"@type\":\"ListItem\",\"position\":2,\"name\":\"Design Sprint\",\"item\":\"https:\/\/galons.world\/?page_id=43\"},{\"@type\":\"ListItem\",\"position\":3,\"name\":\"Dzie\u0144 2\",\"item\":\"https:\/\/galons.world\/?page_id=115\"},{\"@type\":\"ListItem\",\"position\":4,\"name\":\"B\u0142yskawiczne prezentacje\"}]},{\"@type\":\"WebSite\",\"@id\":\"https:\/\/galons.world\/#website\",\"url\":\"https:\/\/galons.world\/\",\"name\":\"Galon`s World\",\"description\":\"O tym jak pomys\u0142y staj\u0105 si\u0119 prototypami a prototypy rzeczywisto\u015bci\u0105.\",\"potentialAction\":[{\"@type\":\"SearchAction\",\"target\":{\"@type\":\"EntryPoint\",\"urlTemplate\":\"https:\/\/galons.world\/?s={search_term_string}\"},\"query-input\":{\"@type\":\"PropertyValueSpecification\",\"valueRequired\":true,\"valueName\":\"search_term_string\"}}],\"inLanguage\":\"en-US\"}]}<\/script>\n<!-- \/ Yoast SEO plugin. -->","yoast_head_json":{"title":"B\u0142yskawiczne prezentacje - Galon`s World","robots":{"index":"index","follow":"follow","max-snippet":"max-snippet:-1","max-image-preview":"max-image-preview:large","max-video-preview":"max-video-preview:-1"},"canonical":"https:\/\/galons.world\/?page_id=117","og_locale":"en_US","og_type":"article","og_title":"B\u0142yskawiczne prezentacje - Galon`s World","og_description":"B\u0142yskawiczne Prezentacje Dzie\u0144 drugi zaczyna si\u0119 od poszukiwania inspiracji. Ka\u017cdy cz\u0142onek zespo\u0142u tworzy list\u0119 oko\u0142o 10 inspiruj\u0105cych produkt\u00f3w, kampanii promocyjnych itp., kt\u00f3re mog\u0105 nakre\u015bli\u0107 mo\u017cliwe [&hellip;]","og_url":"https:\/\/galons.world\/?page_id=117","og_site_name":"Galon`s World","article_modified_time":"2024-11-19T08:05:00+00:00","twitter_card":"summary_large_image","twitter_misc":{"Est. reading time":"1 minute"},"schema":{"@context":"https:\/\/schema.org","@graph":[{"@type":"WebPage","@id":"https:\/\/galons.world\/?page_id=117","url":"https:\/\/galons.world\/?page_id=117","name":"B\u0142yskawiczne prezentacje - Galon`s World","isPartOf":{"@id":"https:\/\/galons.world\/#website"},"datePublished":"2024-11-12T19:21:19+00:00","dateModified":"2024-11-19T08:05:00+00:00","breadcrumb":{"@id":"https:\/\/galons.world\/?page_id=117#breadcrumb"},"inLanguage":"en-US","potentialAction":[{"@type":"ReadAction","target":["https:\/\/galons.world\/?page_id=117"]}]},{"@type":"BreadcrumbList","@id":"https:\/\/galons.world\/?page_id=117#breadcrumb","itemListElement":[{"@type":"ListItem","position":1,"name":"Home","item":"https:\/\/galons.world\/"},{"@type":"ListItem","position":2,"name":"Design Sprint","item":"https:\/\/galons.world\/?page_id=43"},{"@type":"ListItem","position":3,"name":"Dzie\u0144 2","item":"https:\/\/galons.world\/?page_id=115"},{"@type":"ListItem","position":4,"name":"B\u0142yskawiczne prezentacje"}]},{"@type":"WebSite","@id":"https:\/\/galons.world\/#website","url":"https:\/\/galons.world\/","name":"Galon`s World","description":"O tym jak pomys\u0142y staj\u0105 si\u0119 prototypami a prototypy rzeczywisto\u015bci\u0105.","potentialAction":[{"@type":"SearchAction","target":{"@type":"EntryPoint","urlTemplate":"https:\/\/galons.world\/?s={search_term_string}"},"query-input":{"@type":"PropertyValueSpecification","valueRequired":true,"valueName":"search_term_string"}}],"inLanguage":"en-US"}]}},"_links":{"self":[{"href":"https:\/\/galons.world\/index.php?rest_route=\/wp\/v2\/pages\/117","targetHints":{"allow":["GET"]}}],"collection":[{"href":"https:\/\/galons.world\/index.php?rest_route=\/wp\/v2\/pages"}],"about":[{"href":"https:\/\/galons.world\/index.php?rest_route=\/wp\/v2\/types\/page"}],"author":[{"embeddable":true,"href":"https:\/\/galons.world\/index.php?rest_route=\/wp\/v2\/users\/1"}],"replies":[{"embeddable":true,"href":"https:\/\/galons.world\/index.php?rest_route=%2Fwp%2Fv2%2Fcomments&post=117"}],"version-history":[{"count":2,"href":"https:\/\/galons.world\/index.php?rest_route=\/wp\/v2\/pages\/117\/revisions"}],"predecessor-version":[{"id":130,"href":"https:\/\/galons.world\/index.php?rest_route=\/wp\/v2\/pages\/117\/revisions\/130"}],"up":[{"embeddable":true,"href":"https:\/\/galons.world\/index.php?rest_route=\/wp\/v2\/pages\/115"}],"wp:attachment":[{"href":"https:\/\/galons.world\/index.php?rest_route=%2Fwp%2Fv2%2Fmedia&parent=117"}],"curies":[{"name":"wp","href":"https:\/\/api.w.org\/{rel}","templated":true}]}}